**2 - 223*m + 673. Give f(4).
1029
Let n(v) = 46*v**3 - 6*v**2 + 407*v - 802. Calculate n(2).
356
Let i(x) = -3013*x - 21773. Give i(-7).
-682
Let r(d) = 18*d + 839. What is r(-43)?
65
Let l(g) = 14155*g - 2547970. What is l(180)?
-70
Let x(f) = 68*f**2 - 1782*f + 14. Give x(28).
3430
Let s(v) = -324*v - 69984. Determine s(-216).
0
Let h(v) = 138*v - 13150. Determine h(95).
-40
Let y(o) = o**3 - 30*o**2 + 15264*o - 490490. Determine y(32).
6
Let z(y) = 209*y - 10545. Determine z(41).
-1976
Let z(d) = 3*d**2 - 2300*d - 178403. Give z(-71).
20
Let u(p) = -17426*p - 17404. What is u(-1)?
22
Let f(m) = 3523*m + 4004. What is f(-1)?
481
Let j(b) = b**2 + 54663*b - 437369. Determine j(8).
-1
Let l(m) = -9*m**3 - 555*m**2 + 202*m - 138. Determine l(-62).
-1130
Let j(q) = -4*q**3 + 270*q**2 + 417*q - 144. Give j(69).
63
Let v(n) = 110*n + 5998. Determine v(-58).
-382
Let n(g) = 4*g**3 + 41*g**2 + 52*g + 318. Calculate n(-9).
255
Let l(i) = 6*i**2 - 3452*i - 77597. Determine l(597).
13
Let r(v) = 3053*v + 2512632. Determine r(-823).
13
Let w(j) = 15347*j - 721307. Determine w(47).
2
Let s(u) = -2*u**3 + 94*u**2 - 82*u - 124. What is s(46)?
336
Let x(i) = -3*i**3 - 1978*i**2 + 3313*i + 5315. Give x(-661).
27
Let p(f) = 8*f**3 + 1952*f**2 + 10*f + 2968. Calculate p(-244).
528
Let i(t) = -3286*t + 69145. What is i(21)?
139
Let i(p) = -1231204*p - 3693624. Calculate i(-3).
-12
Let t(v) = 14*v**2 - 1013*v + 688. Give t(72).
328
Let t(f) = 220*f**2 - 26843*f - 16. What is t(122)?
-382
Let x(k) = -604*k - 29681. Determine x(-49).
-85
Let g(z) = -z**3 + 17*z**2 + 12797*z + 1595. Determine g(122).
9
Let n(t) = 7*t**2 - 461*t + 5541. What is n(51)?
237
Let g(c) = 75*c**2 - 48*c + 105. Determine g(2).
309
Let a(u) = u**3 + 197*u**2 - 719*u - 141639. Give a(-197).
4
Let q(a) = 80618*a + 5482033. Determine q(-68).
9
Let x(y) = 320*y**2 + 5761*y + 16. Give x(-18).
-2
Let r(d) = -25936*d + 389044. Calculate r(15).
4
Let z(l) = -78222*l - 14471068. Calculate z(-185).
2
Let t(m) = -72*m**2 - 434*m - 660. What is t(-3)?
-6
Let i(t) = -45*t + 1488. Give i(35).
-87
Let f(b) = -13*b**3 + 384*b**2 - 1480*b + 47. Give f(25).
-78
Let v(t) = 8845*t + 627995. Determine v(-71).
0
Let m(s) = -52*s + 5804. Determine m(111).
32
Let a(j) = 7*j**3 + 111*j**2 + 320*j + 21. Determine a(-4).
69
Let k(i) = -i**3 + 138*i**2 - 4744*i + 432. What is k(69)?
1605
Let f(q) = -q**3 + 20*q**2 - 21*q + 1313. Calculate f(22).
-117
Let p(z) = 2*z**2 - 1097*z - 189478. What is p(-138)?
-4
Let q(w) = 3704*w + 207501. Give q(-56).
77
Let x(m) = -582*m + 29016. Determine x(50).
-84
Let a(s) = 282*s**3 - 25377*s**2 - 270*s + 23. Give a(90).
23
Let c(m) = -2*m**3 + 1916*m**2 + 134*m - 128364. Determine c(958).
8
Let p(k) = 874*k + 18389. Give p(-21).
35
Let y(z) = -79*z**2 - 702*z - 20. Determine y(-7).
1023
Let g(p) = -27*p**3 - 2*p**2 - 4*p - 24. Determine g(-4).
1688
Let w(u) = 180665*u + 542068. Determine w(-3).
73
Let m(u) = -2*u**3 - 61*u**2 + 417*u - 121. What is m(6)?
-247
Let q(r) = 39*r**2 + 2070*r + 70. What is q(-53)?
-89
Let n(s) = -118*s**3 - 358*s**2 + 155*s + 506. Determine n(-3).
5
Let u(f) = 242585*f + 1212925. Calculate u(-5).
0
Let c(u) = 56*u**2 - 1014*u - 20. Determine c(18).
-128
Let i(h) = 4*h**2 - 433*h - 7367. Calculate i(-15).
28
Let n(z) = -116*z - 5674. What is n(-50)?
126
Let q(s) = 87*s + 337. Calculate q(-2).
163
Let i(n) = 155*n**2 + 4485*n - 38988. Calculate i(7).
2
Let k(h) = 2829117*h - 8487351. Give k(3).
0
Let a(l) = -6560*l + 78693. Give a(12).
-27
Let u(a) = 2*a**3 + 208*a**2 + 5113*a - 470. Determine u(-64).
-22
Let a(u) = -32*u**2 + 3010*u - 297. Calculate a(94).
-109
Let m(x) = x**3 - 16*x**2 - 54*x + 741. Calculate m(14).
-407
Let o(m) = 1993*m - 3421. Give o(2).
565
Let y(l) = 1067*l + 2860. Give y(-4).
-1408
Let y(g) = 15*g**2 + 570*g + 134. Determine y(-41).
1979
Let f(b) = -4*b**2 - 8539*b + 653820. Calculate f(74).
30
Let z(g) = g**2 - 4*g - 137. Determine z(-9).
-20
Let d(t) = 45032*t + 180073. What is d(-4)?
-55
Let f(v) = v**3 + 1375*v**2 + 13647*v - 50. Give f(-10).
-20
Let y(x) = x**2 - 35*x + 913. Determine y(-9).
1309
Let y(f) = -4361*f + 39342. What is y(9)?
93
Let m(v) = -2*v**3 + 5*v**2 - 571*v - 2306. Give m(-4).
186
Let k(j) = -3*j**2 + 217*j + 9561. What is k(100)?
1261
Let p(f) = 2*f**3 - 47*f**2 + 219*f - 402. What is p(18)?
-24
Let b(o) = 79809*o + 957690. Calculate b(-12).
-18
Let f(t) = 14224*t + 71125. Calculate f(-5).
5
Let q(m) = 38*m**2 + 1795*m + 5351. Determine q(-3).
308
Let t(q) = 408*q - 35885. Calculate t(88).
19
Let r(z) = 45*z**3 + 446*z**2 - 28*z + 19. Give r(-10).
-101
Let y(l) = -80*l + 567. Calculate y(10).
-233
Let d(g) = 59*g**2 + 4896*g - 257. Give d(-83).
-174
Let y(i) = -154*i - 10743. What is y(-58)?
-1811
Let b(d) = -7*d**3 - 168*d**2 - 44*d + 302. Calculate b(-24).
1358
Let r(g) = -4*g**3 - 35*g**2 + 185*g + 1532. What is r(-10)?
182
Let y(p) = 51*p + 6788. Calculate y(-141).
-403
Let s(t) = -12*t**3 + 81*t**2 - 457*t + 905. Give s(2).
219
Let n(g) = 2*g**2 + 48*g - 9. Give n(-4).
-169
Let z(j) = -37*j**2 + 2888*j + 163. Determine z(78).
319
Let i(b) = 285*b**2 - 3355*b + 63. Calculate i(11).
-2357
Let n(w) = -3*w**2 - 4145*w - 16579. Calculate n(-4).
-47
Let m(r) = -r**3 - 212*r**2 - 5902*r + 921. Determine m(-179).
26
Let y(j) = 21*j**2 - 1983*j + 46314. Calculate y(42).
72
Let y(v) = -v**3 - 14*v**2 + 1240*v - 32. Calculate y(29).
-235
Let v(o) = 6*o**3 + 177*o**2 - 151*o - 1830. What is v(-30)?
0
Let d(p) = -2*p**2 + 125*p + 259. Give d(67).
-344
Let g(l) = -19501*l - 1092021. Calculate g(-56).
35
Let p(k) = 24*k**3 + 718*k**2 - 43*k + 499. Calculate p(-30).
-11
Let t(v) = -721*v**2 - 21*v + 4. Give t(1).
-738
Let p(w) = -2*w**2 - 292*w - 763. Determine p(-144).
-187
Let a(l) = -11594*l + 34889. Determine a(3).
107
Let s(u) = -74*u**2 - 279*u + 278. Determine s(-4).
210
Let h(f) = 67504*f - 2497643. What is h(37)?
5
Let j(m) = -454*m - 24030. Determine j(-53).
32
Let d(t) = 6721*t + 26842. What is d(-4)?
-42
Let m(h) = h**3 - h**2 - 274*h + 85. Give m(17).
51
Let t(j) = 1460*j - 272946. Determine t(187).
74
Let k(u) = -36472*u + 1604774. Give k(44).
6
Let v(w) = 75*w**3 - 6694*w**2 + 1677*w + 1222. What is v(89)?
-24
Let k(y) = -y**3 - 13*y**2 - 26*y + 282. Give k(8).
-1270
Let f(z) = 12249*z + 73477. Calculate f(-6).
-17
Let v(a) = 102718*a - 44887767. Give v(437).
-1
Let r(m) = 5522*m - 215421. What is r(39)?
-63
Let d(w) = -96*w**3 + 13*w**2 + 58*w + 102. What is d(-2)?
806
Let v(l) = -l**2 - 326*l + 173246. Calculate v(284).
6
Let m(o) = -1450*o + 8648. Give m(6).
-52
Let b(m) = -m**3 - 139*m**2 + 4297*m + 1149. Determine b(-165).
-6
Let s(d) = -d**2 + 169*d + 157. Give s(2).
491
Let t(x) = 168809*x - 1688085. Give t(10).
5
Let a(u) = 9*u**2 + 3447*u + 30665. Determine a(-9).
371
Let i(f) = -65598*f + 262463. Determine i(4).
71
Let k(z) = 6*z**2 - 3701*z + 1. What is k(0)?
1
Let z(b) = 146*b**2 - 1008*b + 859. Determine z(6).
67
Let a(g) = -g**2 - 9188*g + 184191. Give a(20).
31
Let a(t) = -t**2 - 271*t - 12058. What is a(-56)?
-18
Let y(v) = -362*v - 9692. Give y(-26).
-280
Let x(i) = i**3 - 28*i**2 - 367*i - 2168. Give x(39).
250
Let l(p) = 1350*p**2 - 6992*p - 1. Calculate l(5).
-1211
Let d(r) = 32378*r - 1489393. Calculate d(46).
-5
Let f(b) = -b**3 + 846*b**2 + 3476*b - 64584. Determine f(850).
16
Let t(v) = v**3 + 32*v**2 + 25*v - 179. What is t(-31)?
7
Let d(q) = 5*q**2 - 3164*q - 181745. Give d(-53).
-8
Let p(j) = 754080*j - 33933603. Give p(45).
-3
Let g(w) = 5*w**3 + 42*w**2 + 682*w + 5318. Give g(-8).
-10
Let u(j) = 255157*j - 1530947. Determine u(6).
-5
Let k(o) = -o**3 - 469*o**2 + 1050*o + 50859. Calculate k(-471).
-9
Let x(q) = -1161*q + 11455. Determine x(11).
-1316
Let v(i) = -609*i**2 + 626*i - 1239. What is v(2)?
-2423
Let p(r) = -r**3 + 136*r**2 - 1009*r - 284. Determine p(128).
1636
Let i(x) = 721*x - 12968. Calculate i(18).
10
Let v(o) = -o**3 - 105*o**2 + 78*o - 2847. What is v(-106)?
121
Let w(u) = -2*u**3 + 89*u**2 - 5*u + 1402. Calculate w(45).
-848
Let x(y) = 84203*y**2 + 252611*y + 1. Give x(-3).
-5
Let c(i) = -9221*i - 129104. Determine c(-14).
-10
Let g(k) = -8*k**2 + 96*k + 1100. Determine g(0).
1100
Let a(k) = 601*k - 100478. Determine a(167).
-111
Let t(g) = 6*g**2 + 29